{"id":101,"date":"2024-08-10T16:37:25","date_gmt":"2024-08-10T16:37:25","guid":{"rendered":"https:\/\/kuru.msg9090.webd.pl\/?page_id=101"},"modified":"2024-08-21T06:12:01","modified_gmt":"2024-08-21T06:12:01","slug":"o-mnie","status":"publish","type":"page","link":"https:\/\/kuru.com.pl\/?page_id=101","title":{"rendered":"O mnie"},"content":{"rendered":"\t\t<div data-elementor-type=\"wp-page\" data-elementor-id=\"101\" class=\"elementor elementor-101\">\n\t\t\t\t<div class=\"elementor-element elementor-element-90f703c e-con-full e-flex e-con e-parent\" data-id=\"90f703c\" data-element_type=\"container\" data-e-type=\"container\" data-settings=\"{&quot;background_background&quot;:&quot;classic&quot;}\">\n\t\t<div class=\"elementor-element elementor-element-d2c0ee0 e-con-full e-flex e-con e-child\" data-id=\"d2c0ee0\" data-element_type=\"container\" data-e-type=\"container\">\n\t\t\t\t<div class=\"elementor-element elementor-element-4dfaaa1 elementor-widget elementor-widget-heading\" data-id=\"4dfaaa1\" data-element_type=\"widget\" data-e-type=\"widget\" data-widget_type=\"heading.default\">\n\t\t\t\t<div class=\"elementor-widget-container\">\n\t\t\t\t\t<h3 class=\"elementor-heading-title elementor-size-default\">Cze\u015b\u0107, jestem Micha\u0142<\/h3>\t\t\t\t<\/div>\n\t\t\t\t<\/div>\n\t\t\t\t<div class=\"elementor-element elementor-element-0f819d2 elementor-widget__width-initial elementor-widget elementor-widget-text-editor\" data-id=\"0f819d2\" data-element_type=\"widget\" data-e-type=\"widget\" data-widget_type=\"text-editor.default\">\n\t\t\t\t<div class=\"elementor-widget-container\">\n\t\t\t\t\t\t\t\t\t<p>Od osiemnastu lat jestem cz\u0142onkiem <b>Polskiej Sceny Klikowej,<\/b> powi\u0105zanej z oprogramowaniem Clickteam.&nbsp;<\/p>\n<p>W 2016 stworzy\u0142em <b>trzygodzinny \u201egame jam\u201d<\/b>&nbsp; &#8211; internetowy konkurs talent\u00f3w w tworzeniu gier, przeprowadzaj\u0105c z powodzeniem ju\u017c <b>sze\u015b\u0107 edycji.<\/b><\/p>\t\t\t\t\t\t\t\t<\/div>\n\t\t\t\t<\/div>\n\t\t\t\t<div class=\"elementor-element elementor-element-1faea42 elementor-align-left elementor-mobile-align-center elementor-widget elementor-widget-button\" data-id=\"1faea42\" data-element_type=\"widget\" data-e-type=\"widget\" data-widget_type=\"button.default\">\n\t\t\t\t<div class=\"elementor-widget-container\">\n\t\t\t\t\t\t\t\t\t<div class=\"elementor-button-wrapper\">\n\t\t\t\t\t<a class=\"elementor-button elementor-button-link elementor-size-sm\" href=\"https:\/\/www.linkedin.com\/in\/micha%C5%82-kurek-pl\/\">\n\t\t\t\t\t\t<span class=\"elementor-button-content-wrapper\">\n\t\t\t\t\t\t\t\t\t<span class=\"elementor-button-text\">Poznaj mnie na Linkedin<\/span>\n\t\t\t\t\t<\/span>\n\t\t\t\t\t<\/a>\n\t\t\t\t<\/div>\n\t\t\t\t\t\t\t\t<\/div>\n\t\t\t\t<\/div>\n\t\t\t\t<\/div>\n\t\t<div class=\"elementor-element elementor-element-13f5f57 e-con-full e-flex e-con e-child\" data-id=\"13f5f57\" data-element_type=\"container\" data-e-type=\"container\">\n\t\t\t\t<div class=\"elementor-element elementor-element-aa69a03 elementor-widget elementor-widget-image\" data-id=\"aa69a03\" data-element_type=\"widget\" data-e-type=\"widget\" data-widget_type=\"image.default\">\n\t\t\t\t<div class=\"elementor-widget-container\">\n\t\t\t\t\t\t\t\t\t\t\t\t\t\t\t<img fetchpriority=\"high\" decoding=\"async\" width=\"684\" height=\"1024\" src=\"https:\/\/kuru.com.pl\/wp-content\/uploads\/2024\/08\/DSC_6947-684x1024.jpg\" class=\"attachment-large size-large wp-image-688\" alt=\"\" srcset=\"https:\/\/kuru.com.pl\/wp-content\/uploads\/2024\/08\/DSC_6947-684x1024.jpg 684w, https:\/\/kuru.com.pl\/wp-content\/uploads\/2024\/08\/DSC_6947-200x300.jpg 200w, https:\/\/kuru.com.pl\/wp-content\/uploads\/2024\/08\/DSC_6947-768x1151.jpg 768w, https:\/\/kuru.com.pl\/wp-content\/uploads\/2024\/08\/DSC_6947-1025x1536.jpg 1025w, https:\/\/kuru.com.pl\/wp-content\/uploads\/2024\/08\/DSC_6947-1367x2048.jpg 1367w, https:\/\/kuru.com.pl\/wp-content\/uploads\/2024\/08\/DSC_6947.jpg 1602w\" sizes=\"(max-width: 684px) 100vw, 684px\" \/>\t\t\t\t\t\t\t\t\t\t\t\t\t\t\t<\/div>\n\t\t\t\t<\/div>\n\t\t\t\t<\/div>\n\t\t\t\t<\/div>\n\t\t<div class=\"elementor-element elementor-element-9ddda33 e-con-full e-flex e-con e-parent\" data-id=\"9ddda33\" data-element_type=\"container\" data-e-type=\"container\" data-settings=\"{&quot;background_background&quot;:&quot;classic&quot;}\">\n\t\t<div class=\"elementor-element elementor-element-9b1c0dd e-con-full e-flex e-con e-child\" data-id=\"9b1c0dd\" data-element_type=\"container\" data-e-type=\"container\">\n\t\t\t\t<div class=\"elementor-element elementor-element-91daa92 elementor-widget elementor-widget-heading\" data-id=\"91daa92\" data-element_type=\"widget\" data-e-type=\"widget\" data-widget_type=\"heading.default\">\n\t\t\t\t<div class=\"elementor-widget-container\">\n\t\t\t\t\t<h3 class=\"elementor-heading-title elementor-size-default\">W \u015bwiecie gier...<\/h3>\t\t\t\t<\/div>\n\t\t\t\t<\/div>\n\t\t\t\t<div class=\"elementor-element elementor-element-6f20d8c elementor-widget elementor-widget-text-editor\" data-id=\"6f20d8c\" data-element_type=\"widget\" data-e-type=\"widget\" data-widget_type=\"text-editor.default\">\n\t\t\t\t<div class=\"elementor-widget-container\">\n\t\t\t\t\t\t\t\t\t<p>Jako <b>kurator projektu Kliktopia <\/b>skupiaj\u0105cego mi\u0119dzynarodow\u0105 spo\u0142eczno\u015b\u0107 niezale\u017cnych tw\u00f3rc\u00f3w, podda\u0142em recenzji ponad <b>2000 gier.<\/b> Zawodowo od 12 lat pracuj\u0119 jako<b> performance tester <\/b>w bran\u017cy IT.\u00a0<\/p>\t\t\t\t\t\t\t\t<\/div>\n\t\t\t\t<\/div>\n\t\t\t\t<\/div>\n\t\t<div class=\"elementor-element elementor-element-aace08a e-con-full e-flex e-con e-child\" data-id=\"aace08a\" data-element_type=\"container\" data-e-type=\"container\">\n\t\t\t\t<div class=\"elementor-element elementor-element-70bb236 elementor-widget elementor-widget-image\" data-id=\"70bb236\" data-element_type=\"widget\" data-e-type=\"widget\" data-widget_type=\"image.default\">\n\t\t\t\t<div class=\"elementor-widget-container\">\n\t\t\t\t\t\t\t\t\t\t\t\t\t\t\t<img decoding=\"async\" width=\"800\" height=\"597\" src=\"https:\/\/kuru.com.pl\/wp-content\/uploads\/2024\/08\/kliktopia_bunch2.png\" class=\"attachment-large size-large wp-image-707\" alt=\"\" srcset=\"https:\/\/kuru.com.pl\/wp-content\/uploads\/2024\/08\/kliktopia_bunch2.png 1024w, https:\/\/kuru.com.pl\/wp-content\/uploads\/2024\/08\/kliktopia_bunch2-300x224.png 300w, https:\/\/kuru.com.pl\/wp-content\/uploads\/2024\/08\/kliktopia_bunch2-768x573.png 768w\" sizes=\"(max-width: 800px) 100vw, 800px\" \/>\t\t\t\t\t\t\t\t\t\t\t\t\t\t\t<\/div>\n\t\t\t\t<\/div>\n\t\t\t\t<\/div>\n\t\t\t\t<\/div>\n\t\t<div class=\"elementor-element elementor-element-31c63a8 e-con-full e-flex e-con e-parent\" data-id=\"31c63a8\" data-element_type=\"container\" data-e-type=\"container\" data-settings=\"{&quot;background_background&quot;:&quot;classic&quot;}\">\n\t\t<div class=\"elementor-element elementor-element-fac2737 e-con-full e-flex e-con e-child\" data-id=\"fac2737\" data-element_type=\"container\" data-e-type=\"container\">\n\t\t\t\t<div class=\"elementor-element elementor-element-5c78df2 elementor-widget elementor-widget-heading\" data-id=\"5c78df2\" data-element_type=\"widget\" data-e-type=\"widget\" data-widget_type=\"heading.default\">\n\t\t\t\t<div class=\"elementor-widget-container\">\n\t\t\t\t\t<h3 class=\"elementor-heading-title elementor-size-default\">Edukacja<\/h3>\t\t\t\t<\/div>\n\t\t\t\t<\/div>\n\t\t\t\t<div class=\"elementor-element elementor-element-1ca7d77 elementor-widget elementor-widget-text-editor\" data-id=\"1ca7d77\" data-element_type=\"widget\" data-e-type=\"widget\" data-widget_type=\"text-editor.default\">\n\t\t\t\t<div class=\"elementor-widget-container\">\n\t\t\t\t\t\t\t\t\t<p>Prywatnie pasjonuje si\u0119 <b>elektronik\u0105<\/b> i uwielbiam edukowa\u0107, co uskuteczniam m.in. jako <b>Wyk\u0142adowca Akademicki<\/b> kurs\u00f3w programistycznych j\u0119zyka Python na Uniwersytecie Jagiello\u0144skim, edukator, rekonstruktor historyczny, muzyk\u00a0 i wiele innych.<\/p>\t\t\t\t\t\t\t\t<\/div>\n\t\t\t\t<\/div>\n\t\t\t\t<div class=\"elementor-element elementor-element-500e50c elementor-align-left elementor-mobile-align-center elementor-widget elementor-widget-button\" data-id=\"500e50c\" data-element_type=\"widget\" data-e-type=\"widget\" data-widget_type=\"button.default\">\n\t\t\t\t<div class=\"elementor-widget-container\">\n\t\t\t\t\t\t\t\t\t<div class=\"elementor-button-wrapper\">\n\t\t\t\t\t<a class=\"elementor-button elementor-button-link elementor-size-sm\" href=\"?page_id=937\">\n\t\t\t\t\t\t<span class=\"elementor-button-content-wrapper\">\n\t\t\t\t\t\t\t\t\t<span class=\"elementor-button-text\">Zobacz kursy<\/span>\n\t\t\t\t\t<\/span>\n\t\t\t\t\t<\/a>\n\t\t\t\t<\/div>\n\t\t\t\t\t\t\t\t<\/div>\n\t\t\t\t<\/div>\n\t\t\t\t<\/div>\n\t\t<div class=\"elementor-element elementor-element-e09c854 e-con-full e-flex e-con e-child\" data-id=\"e09c854\" data-element_type=\"container\" data-e-type=\"container\">\n\t\t\t\t<div class=\"elementor-element elementor-element-0817bde elementor-widget elementor-widget-image\" data-id=\"0817bde\" data-element_type=\"widget\" data-e-type=\"widget\" data-widget_type=\"image.default\">\n\t\t\t\t<div class=\"elementor-widget-container\">\n\t\t\t\t\t\t\t\t\t\t\t\t\t\t\t<img decoding=\"async\" width=\"800\" height=\"534\" src=\"https:\/\/kuru.com.pl\/wp-content\/uploads\/2024\/08\/students-making-thumbs-up-breaklknblklknb-1024x683.jpg\" class=\"attachment-large size-large wp-image-709\" alt=\"\" srcset=\"https:\/\/kuru.com.pl\/wp-content\/uploads\/2024\/08\/students-making-thumbs-up-breaklknblklknb-1024x683.jpg 1024w, https:\/\/kuru.com.pl\/wp-content\/uploads\/2024\/08\/students-making-thumbs-up-breaklknblklknb-300x200.jpg 300w, https:\/\/kuru.com.pl\/wp-content\/uploads\/2024\/08\/students-making-thumbs-up-breaklknblklknb-768x512.jpg 768w, https:\/\/kuru.com.pl\/wp-content\/uploads\/2024\/08\/students-making-thumbs-up-breaklknblklknb-1536x1024.jpg 1536w, https:\/\/kuru.com.pl\/wp-content\/uploads\/2024\/08\/students-making-thumbs-up-breaklknblklknb-2048x1365.jpg 2048w\" sizes=\"(max-width: 800px) 100vw, 800px\" \/>\t\t\t\t\t\t\t\t\t\t\t\t\t\t\t<\/div>\n\t\t\t\t<\/div>\n\t\t\t\t<\/div>\n\t\t\t\t<\/div>\n\t\t<div class=\"elementor-element elementor-element-8e1b8ea e-flex e-con-boxed e-con e-parent\" data-id=\"8e1b8ea\" data-element_type=\"container\" data-e-type=\"container\" data-settings=\"{&quot;background_background&quot;:&quot;classic&quot;}\">\n\t\t\t\t\t<div class=\"e-con-inner\">\n\t\t<div class=\"elementor-element elementor-element-caf2791 e-con-full e-flex e-con e-child\" data-id=\"caf2791\" data-element_type=\"container\" data-e-type=\"container\">\n\t\t\t\t<div class=\"elementor-element elementor-element-f469336 elementor-widget__width-initial elementor-widget elementor-widget-heading\" data-id=\"f469336\" data-element_type=\"widget\" data-e-type=\"widget\" data-widget_type=\"heading.default\">\n\t\t\t\t<div class=\"elementor-widget-container\">\n\t\t\t\t\t<h2 class=\"elementor-heading-title elementor-size-default\">Wiemy tylko to, co nam powiedziano, albo czego sami do\u015bwiadczyli\u015bmy.<\/h2>\t\t\t\t<\/div>\n\t\t\t\t<\/div>\n\t\t\t\t<div class=\"elementor-element elementor-element-87cd917 elementor-widget elementor-widget-text-editor\" data-id=\"87cd917\" data-element_type=\"widget\" data-e-type=\"widget\" data-widget_type=\"text-editor.default\">\n\t\t\t\t<div class=\"elementor-widget-container\">\n\t\t\t\t\t\t\t\t\t<p>Dlatego tak wa\u017cne jest by spotyka\u0107 dobrych mentor\u00f3w i ludzi o podobnych zainteresowaniach, kt\u00f3rzy motywuj\u0105 nas do rozwoju.<\/p>\t\t\t\t\t\t\t\t<\/div>\n\t\t\t\t<\/div>\n\t\t\t\t<div class=\"elementor-element elementor-element-9450ddc elementor-align-center elementor-mobile-align-center elementor-widget elementor-widget-button\" data-id=\"9450ddc\" data-element_type=\"widget\" data-e-type=\"widget\" data-widget_type=\"button.default\">\n\t\t\t\t<div class=\"elementor-widget-container\">\n\t\t\t\t\t\t\t\t\t<div class=\"elementor-button-wrapper\">\n\t\t\t\t\t<a class=\"elementor-button elementor-button-link elementor-size-sm\" href=\"?page_id=937\">\n\t\t\t\t\t\t<span class=\"elementor-button-content-wrapper\">\n\t\t\t\t\t\t\t\t\t<span class=\"elementor-button-text\">Zobacz ofert\u0119<\/span>\n\t\t\t\t\t<\/span>\n\t\t\t\t\t<\/a>\n\t\t\t\t<\/div>\n\t\t\t\t\t\t\t\t<\/div>\n\t\t\t\t<\/div>\n\t\t\t\t<\/div>\n\t\t\t\t\t<\/div>\n\t\t\t\t<\/div>\n\t\t<div class=\"elementor-element elementor-element-86e7176 e-flex e-con-boxed e-con e-parent\" data-id=\"86e7176\" data-element_type=\"container\" data-e-type=\"container\">\n\t\t\t\t\t<div class=\"e-con-inner\">\n\t\t<div class=\"elementor-element elementor-element-fdfdf9b e-con-full e-flex e-con e-child\" data-id=\"fdfdf9b\" data-element_type=\"container\" data-e-type=\"container\">\n\t\t<div class=\"elementor-element elementor-element-08eb12e e-con-full e-flex e-con e-child\" data-id=\"08eb12e\" data-element_type=\"container\" data-e-type=\"container\">\n\t\t\t\t<div class=\"elementor-element elementor-element-bae5ee9 elementor-widget elementor-widget-image\" data-id=\"bae5ee9\" data-element_type=\"widget\" data-e-type=\"widget\" data-widget_type=\"image.default\">\n\t\t\t\t<div class=\"elementor-widget-container\">\n\t\t\t\t\t\t\t\t\t\t\t\t\t\t\t<img loading=\"lazy\" decoding=\"async\" width=\"683\" height=\"1024\" src=\"https:\/\/kuru.com.pl\/wp-content\/uploads\/2024\/08\/altumcode-PNbDkQ2DDgM-unsplash-683x1024.jpg\" class=\"attachment-large size-large wp-image-545\" alt=\"\" srcset=\"https:\/\/kuru.com.pl\/wp-content\/uploads\/2024\/08\/altumcode-PNbDkQ2DDgM-unsplash-683x1024.jpg 683w, https:\/\/kuru.com.pl\/wp-content\/uploads\/2024\/08\/altumcode-PNbDkQ2DDgM-unsplash-200x300.jpg 200w, https:\/\/kuru.com.pl\/wp-content\/uploads\/2024\/08\/altumcode-PNbDkQ2DDgM-unsplash-768x1152.jpg 768w, https:\/\/kuru.com.pl\/wp-content\/uploads\/2024\/08\/altumcode-PNbDkQ2DDgM-unsplash-1024x1536.jpg 1024w, https:\/\/kuru.com.pl\/wp-content\/uploads\/2024\/08\/altumcode-PNbDkQ2DDgM-unsplash-1365x2048.jpg 1365w, https:\/\/kuru.com.pl\/wp-content\/uploads\/2024\/08\/altumcode-PNbDkQ2DDgM-unsplash-scaled.jpg 1707w\" sizes=\"(max-width: 683px) 100vw, 683px\" \/>\t\t\t\t\t\t\t\t\t\t\t\t\t\t\t<\/div>\n\t\t\t\t<\/div>\n\t\t\t\t<div class=\"elementor-element elementor-element-adb2f23 elementor-widget elementor-widget-image\" data-id=\"adb2f23\" data-element_type=\"widget\" data-e-type=\"widget\" data-widget_type=\"image.default\">\n\t\t\t\t<div class=\"elementor-widget-container\">\n\t\t\t\t\t\t\t\t\t\t\t\t\t\t\t<img loading=\"lazy\" decoding=\"async\" width=\"800\" height=\"534\" src=\"https:\/\/kuru.com.pl\/wp-content\/uploads\/2024\/08\/ilya-pavlov-OqtafYT5kTw-unsplash-1-1024x684.jpg\" class=\"attachment-large size-large wp-image-679\" alt=\"\" srcset=\"https:\/\/kuru.com.pl\/wp-content\/uploads\/2024\/08\/ilya-pavlov-OqtafYT5kTw-unsplash-1-1024x684.jpg 1024w, https:\/\/kuru.com.pl\/wp-content\/uploads\/2024\/08\/ilya-pavlov-OqtafYT5kTw-unsplash-1-300x200.jpg 300w, https:\/\/kuru.com.pl\/wp-content\/uploads\/2024\/08\/ilya-pavlov-OqtafYT5kTw-unsplash-1-768x513.jpg 768w, https:\/\/kuru.com.pl\/wp-content\/uploads\/2024\/08\/ilya-pavlov-OqtafYT5kTw-unsplash-1-1536x1025.jpg 1536w, https:\/\/kuru.com.pl\/wp-content\/uploads\/2024\/08\/ilya-pavlov-OqtafYT5kTw-unsplash-1-2048x1367.jpg 2048w\" sizes=\"(max-width: 800px) 100vw, 800px\" \/>\t\t\t\t\t\t\t\t\t\t\t\t\t\t\t<\/div>\n\t\t\t\t<\/div>\n\t\t\t\t<\/div>\n\t\t<div class=\"elementor-element elementor-element-bf8e695 e-con-full e-flex e-con e-child\" data-id=\"bf8e695\" data-element_type=\"container\" data-e-type=\"container\">\n\t\t\t\t<div class=\"elementor-element elementor-element-cb25e1b elementor-widget elementor-widget-image\" data-id=\"cb25e1b\" data-element_type=\"widget\" data-e-type=\"widget\" data-widget_type=\"image.default\">\n\t\t\t\t<div class=\"elementor-widget-container\">\n\t\t\t\t\t\t\t\t\t\t\t\t\t\t\t<img loading=\"lazy\" decoding=\"async\" width=\"800\" height=\"534\" src=\"https:\/\/kuru.com.pl\/wp-content\/uploads\/2024\/08\/motherboard-background-1024x683.jpg\" class=\"attachment-large size-large wp-image-677\" alt=\"\" srcset=\"https:\/\/kuru.com.pl\/wp-content\/uploads\/2024\/08\/motherboard-background-1024x683.jpg 1024w, https:\/\/kuru.com.pl\/wp-content\/uploads\/2024\/08\/motherboard-background-300x200.jpg 300w, https:\/\/kuru.com.pl\/wp-content\/uploads\/2024\/08\/motherboard-background-768x512.jpg 768w, https:\/\/kuru.com.pl\/wp-content\/uploads\/2024\/08\/motherboard-background-1536x1024.jpg 1536w, https:\/\/kuru.com.pl\/wp-content\/uploads\/2024\/08\/motherboard-background-2048x1365.jpg 2048w\" sizes=\"(max-width: 800px) 100vw, 800px\" \/>\t\t\t\t\t\t\t\t\t\t\t\t\t\t\t<\/div>\n\t\t\t\t<\/div>\n\t\t\t\t<div class=\"elementor-element elementor-element-7188620 elementor-widget elementor-widget-image\" data-id=\"7188620\" data-element_type=\"widget\" data-e-type=\"widget\" data-widget_type=\"image.default\">\n\t\t\t\t<div class=\"elementor-widget-container\">\n\t\t\t\t\t\t\t\t\t\t\t\t\t\t\t<img loading=\"lazy\" decoding=\"async\" width=\"682\" height=\"1024\" src=\"https:\/\/kuru.com.pl\/wp-content\/uploads\/2024\/08\/arif-riyanto-vJP-wZ6hGBg-unsplash-682x1024.jpg\" class=\"attachment-large size-large wp-image-546\" alt=\"\" srcset=\"https:\/\/kuru.com.pl\/wp-content\/uploads\/2024\/08\/arif-riyanto-vJP-wZ6hGBg-unsplash-682x1024.jpg 682w, https:\/\/kuru.com.pl\/wp-content\/uploads\/2024\/08\/arif-riyanto-vJP-wZ6hGBg-unsplash-200x300.jpg 200w, https:\/\/kuru.com.pl\/wp-content\/uploads\/2024\/08\/arif-riyanto-vJP-wZ6hGBg-unsplash-768x1154.jpg 768w, https:\/\/kuru.com.pl\/wp-content\/uploads\/2024\/08\/arif-riyanto-vJP-wZ6hGBg-unsplash-1022x1536.jpg 1022w, https:\/\/kuru.com.pl\/wp-content\/uploads\/2024\/08\/arif-riyanto-vJP-wZ6hGBg-unsplash-1363x2048.jpg 1363w, https:\/\/kuru.com.pl\/wp-content\/uploads\/2024\/08\/arif-riyanto-vJP-wZ6hGBg-unsplash-scaled.jpg 1704w\" sizes=\"(max-width: 682px) 100vw, 682px\" \/>\t\t\t\t\t\t\t\t\t\t\t\t\t\t\t<\/div>\n\t\t\t\t<\/div>\n\t\t\t\t<\/div>\n\t\t\t\t<\/div>\n\t\t<div class=\"elementor-element elementor-element-0db38d6 e-con-full e-flex e-con e-child\" data-id=\"0db38d6\" data-element_type=\"container\" data-e-type=\"container\">\n\t\t<div class=\"elementor-element elementor-element-df83509 e-con-full e-flex e-con e-child\" data-id=\"df83509\" data-element_type=\"container\" data-e-type=\"container\">\n\t\t\t\t<div class=\"elementor-element elementor-element-fcf3569 elementor-widget elementor-widget-heading\" data-id=\"fcf3569\" data-element_type=\"widget\" data-e-type=\"widget\" data-widget_type=\"heading.default\">\n\t\t\t\t<div class=\"elementor-widget-container\">\n\t\t\t\t\t<h3 class=\"elementor-heading-title elementor-size-default\">Dlaczego tworz\u0119 kursy?<\/h3>\t\t\t\t<\/div>\n\t\t\t\t<\/div>\n\t\t\t\t<div class=\"elementor-element elementor-element-67df228 elementor-widget elementor-widget-text-editor\" data-id=\"67df228\" data-element_type=\"widget\" data-e-type=\"widget\" data-widget_type=\"text-editor.default\">\n\t\t\t\t<div class=\"elementor-widget-container\">\n\t\t\t\t\t\t\t\t\t<ul><li>chc\u0119 poszerza\u0107 horyzonty m\u0142odzie\u017cy i rozbudzi\u0107 ich wyobra\u017ani\u0119<\/li><li>okie\u0142zna\u0107 zapa\u0142 zwi\u0105zany z dotychczas niezrealizowanymi pomys\u0142ami i przela\u0107 je w namacalne medium<\/li><li>u\u015bwiadomi\u0107 o wewn\u0119trznej warto\u015bci i ukierunkowa\u0107 tw\u00f3rczy talent na konkretny efekt<\/li><li>stworzy\u0107 przestrze\u0144 skupiaj\u0105c\u0105 ludzi o podobnych zainteresowaniach i da\u0107 im mo\u017cliwo\u015b\u0107 wymiany energii, kt\u00f3r\u0105 s\u0105 ch\u0119tne w\u0142o\u017cy\u0107 w swoj\u0105 pasj\u0119<\/li><li>u\u0142atwi\u0107 ch\u0119tnym wej\u015bcie na rynek pracy w interesuj\u0105cej ich bran\u017cy &#8211; odwie\u015b\u0107 od bezproduktywnego sp\u0119dzania czasu na konsumpcji &#8222;pustych&#8221; tre\u015bci<\/li><\/ul>\t\t\t\t\t\t\t\t<\/div>\n\t\t\t\t<\/div>\n\t\t\t\t<\/div>\n\t\t\t\t<\/div>\n\t\t\t\t\t<\/div>\n\t\t\t\t<\/div>\n\t\t<div class=\"elementor-element elementor-element-c3b13be e-flex e-con-boxed e-con e-parent\" data-id=\"c3b13be\" data-element_type=\"container\" data-e-type=\"container\">\n\t\t\t\t\t<div class=\"e-con-inner\">\n\t\t<div class=\"elementor-element elementor-element-4598bcd e-con-full e-flex e-con e-child\" data-id=\"4598bcd\" data-element_type=\"container\" data-e-type=\"container\">\n\t\t\t\t<div class=\"elementor-element elementor-element-c1453d7 elementor-widget elementor-widget-heading\" data-id=\"c1453d7\" data-element_type=\"widget\" data-e-type=\"widget\" data-widget_type=\"heading.default\">\n\t\t\t\t<div class=\"elementor-widget-container\">\n\t\t\t\t\t<h3 class=\"elementor-heading-title elementor-size-default\">Umiej\u0119tno\u015bci i do\u015bwiadczenie<\/h3>\t\t\t\t<\/div>\n\t\t\t\t<\/div>\n\t\t\t\t<div class=\"elementor-element elementor-element-b40b293 elementor-widget elementor-widget-text-editor\" data-id=\"b40b293\" data-element_type=\"widget\" data-e-type=\"widget\" data-widget_type=\"text-editor.default\">\n\t\t\t\t<div class=\"elementor-widget-container\">\n\t\t\t\t\t\t\t\t\t<p>&#8211; <b>performance tester <\/b>z 12-letnim do\u015bwiadczeniem (HP Performance Center, Microfocus LoadRunner)<\/p><p>&#8211; <b>in\u017cynier system\u00f3w rozproszonych<\/b> zajmuj\u0105cy si\u0119 monitoringiem dost\u0119pno\u015bci i wydajno\u015bci (HP\u00a0<span style=\"letter-spacing: 0px; word-spacing: 0em; text-align: var(--text-align);\">Business Service Management, Microfocus Application Performance Management)<\/span><\/p><p>&#8211; certyfikowany administrator system\u00f3w <b>APM Compuware<\/b><\/p><p>&#8211; administrator system\u00f3w operacyjnych <b>Windows Server<\/b><\/p><p>&#8211; administrator aplikacji hostowanych na platformie <b>Kubernetes<\/b><\/p><p>&#8211; <b>wyk\u0142adowca akademicki <\/b>prowadz\u0105cy seri\u0119 kurs\u00f3w programowania w j\u0119zyku Python<\/p><p>&#8211; niezale\u017cny <b>tw\u00f3rca gier komputerowych i program\u00f3w edukacyjnych<\/b><\/p><p>&#8211; <b>organizator<\/b> autorskiego <b>\u201egame jamu\u201d <\/b>przeprowadzonego dotychczas sze\u015bciokrotnie<\/p><p>&#8211; <b>kurator<\/b> projektu <b>Kliktopia.org<\/b> zrzeszaj\u0105cego mi\u0119dzynarodow\u0105 spo\u0142eczno\u015b\u0107 tw\u00f3rc\u00f3w gier<\/p><p>komputerowych i <b>recenzent 2000 tytu\u0142\u00f3w<\/b> z bazy przedsi\u0119wzi\u0119cia<\/p><p>&#8211; cz\u0142onek<b> Polskiej Sceny Klikowej <\/b>od 2006 r. i<b> redaktor<\/b> prowadzonego przez jej uczestnik\u00f3w <b>e-zinu\u00a0<span style=\"letter-spacing: 0px; word-spacing: 0em; text-align: var(--text-align);\">bran\u017cowego<\/span><\/b><\/p><p>&#8211; magister in\u017cynier na Politechnice \u015al\u0105skiej na kierunku informatyki w specjalizacji \u201eOprogramowanie\u00a0<span style=\"letter-spacing: 0px; word-spacing: 0em; text-align: var(--text-align);\">systemowe\u201d<\/span><\/p><p>&#8211; <b>elektryk<\/b> z uprawnieniami SEP E+D do 1kV<\/p>\t\t\t\t\t\t\t\t<\/div>\n\t\t\t\t<\/div>\n\t\t\t\t<\/div>\n\t\t\t\t\t<\/div>\n\t\t\t\t<\/div>\n\t\t\t\t<\/div>\n\t\t","protected":false},"excerpt":{"rendered":"<p>Cze\u015b\u0107, jestem Micha\u0142 Od osiemnastu lat jestem cz\u0142onkiem Polskiej Sceny Klikowej, powi\u0105zanej z oprogramowaniem Clickteam.&nbsp; W 2016 stworzy\u0142em trzygodzinny \u201egame jam\u201d&nbsp; &#8211; internetowy konkurs talent\u00f3w w tworzeniu gier, przeprowadzaj\u0105c z powodzeniem ju\u017c sze\u015b\u0107 edycji. Poznaj mnie na Linkedin W \u015bwiecie gier&#8230; Jako kurator projektu Kliktopia skupiaj\u0105cego mi\u0119dzynarodow\u0105 spo\u0142eczno\u015b\u0107 niezale\u017cnych tw\u00f3rc\u00f3w, podda\u0142em recenzji ponad 2000 gier. [&hellip;]<\/p>\n","protected":false},"author":1,"featured_media":0,"parent":0,"menu_order":0,"comment_status":"closed","ping_status":"closed","template":"","meta":{"postBodyCss":"","postBodyMargin":[],"postBodyPadding":[],"postBodyBackground":{"backgroundType":"classic","gradient":""},"footnotes":""},"class_list":["post-101","page","type-page","status-publish","hentry"],"_links":{"self":[{"href":"https:\/\/kuru.com.pl\/index.php?rest_route=\/wp\/v2\/pages\/101"}],"collection":[{"href":"https:\/\/kuru.com.pl\/index.php?rest_route=\/wp\/v2\/pages"}],"about":[{"href":"https:\/\/kuru.com.pl\/index.php?rest_route=\/wp\/v2\/types\/page"}],"author":[{"embeddable":true,"href":"https:\/\/kuru.com.pl\/index.php?rest_route=\/wp\/v2\/users\/1"}],"replies":[{"embeddable":true,"href":"https:\/\/kuru.com.pl\/index.php?rest_route=%2Fwp%2Fv2%2Fcomments&post=101"}],"version-history":[{"count":89,"href":"https:\/\/kuru.com.pl\/index.php?rest_route=\/wp\/v2\/pages\/101\/revisions"}],"predecessor-version":[{"id":1337,"href":"https:\/\/kuru.com.pl\/index.php?rest_route=\/wp\/v2\/pages\/101\/revisions\/1337"}],"wp:attachment":[{"href":"https:\/\/kuru.com.pl\/index.php?rest_route=%2Fwp%2Fv2%2Fmedia&parent=101"}],"curies":[{"name":"wp","href":"https:\/\/api.w.org\/{rel}","templated":true}]}}